{"id":47,"date":"2021-04-09T18:23:30","date_gmt":"2021-04-09T16:23:30","guid":{"rendered":"http:\/\/vive-la-vie-montessori.fr\/?page_id=47"},"modified":"2022-11-16T20:58:08","modified_gmt":"2022-11-16T19:58:08","slug":"inscription-adulte","status":"publish","type":"page","link":"https:\/\/vive-la-vie-montessori.fr\/index.php\/inscription-adulte\/","title":{"rendered":"Inscription adulte"},"content":{"rendered":"\n<p>FICHE D\u2019INSCRIPTION FORMATIONS&nbsp;ADULTES<\/p>\n\n\n\n<p>VOS COORDONNEES&nbsp;:<\/p>\n\n\n\n<p>Nom et pr\u00e9noms&nbsp;:<\/p>\n\n\n\n<p>Adresse&nbsp;:<\/p>\n\n\n\n<p>T\u00e9l\u00e9phone (domicile, travail, portable)&nbsp;:<\/p>\n\n\n\n<p>Email&nbsp;:<\/p>\n\n\n\n<p>Pour l\u2019inscription \u00e0 l\u2019atelier adulte du&nbsp;:<\/p>\n\n\n\n<p>Signature:<\/p>\n\n\n\n<p>N\u2019OUBLIEZ PAS D\u2019AMENER&nbsp;:<\/p>\n\n\n\n<ul>\n<li>Une paire de chaussons<\/li>\n\n\n\n<li>Le r\u00e8glement<\/li>\n\n\n\n<li>Un appareil photo<\/li>\n\n\n\n<li>Votre repas (vaisselle et cuisini\u00e8re sont \u00e0 votre disposition)<\/li>\n\n\n\n<li>Et cette feuille remplie et sign\u00e9e&nbsp;&nbsp;&nbsp;&nbsp;&nbsp;<\/li>\n<\/ul>\n\n\n\n<p class=\"has-text-align-center\">Vive la vie, 305 route de Braguillou, 82170 FABAS. Tel\u00a0: 05-63-02-62-45, mail\u00a0:<\/p>\n\n\n\n<p class=\"has-text-align-center\">vive.la.vie.82000@gmail.com<\/p>\n\n\n\n<p class=\"has-text-align-center\"><a href=\"http:\/\/www.vive-la-vie-montessori.fr\/\">www.vive-la-vie-montessori.fr<\/a>, n\u00b0siren :&nbsp;49292721500011, APE : 9499 Z.<\/p>\n","protected":false},"excerpt":{"rendered":"<p>FICHE D\u2019INSCRIPTION FORMATIONS&nbsp;ADULTES VOS COORDONNEES&nbsp;: Nom et pr\u00e9noms&nbsp;: Adresse&nbsp;: T\u00e9l\u00e9phone (domicile, travail, portable)&nbsp;: Email&nbsp;: Pour l\u2019inscription \u00e0 l\u2019atelier adulte du&nbsp;: Signature: N\u2019OUBLIEZ PAS D\u2019AMENER&nbsp;: Vive la vie, 305 route de Braguillou, 82170 FABAS. Tel\u00a0: 05-63-02-62-45, mail\u00a0: vive.la.vie.82000@gmail.com www.vive-la-vie-montessori.fr, n\u00b0siren :&nbsp;49292721500011, APE : 9499 Z.<\/p>\n","protected":false},"author":1,"featured_media":0,"parent":0,"menu_order":0,"comment_status":"closed","ping_status":"closed","template":"","meta":{"footnotes":""},"_links":{"self":[{"href":"https:\/\/vive-la-vie-montessori.fr\/index.php\/wp-json\/wp\/v2\/pages\/47"}],"collection":[{"href":"https:\/\/vive-la-vie-montessori.fr\/index.php\/wp-json\/wp\/v2\/pages"}],"about":[{"href":"https:\/\/vive-la-vie-montessori.fr\/index.php\/wp-json\/wp\/v2\/types\/page"}],"author":[{"embeddable":true,"href":"https:\/\/vive-la-vie-montessori.fr\/index.php\/wp-json\/wp\/v2\/users\/1"}],"replies":[{"embeddable":true,"href":"https:\/\/vive-la-vie-montessori.fr\/index.php\/wp-json\/wp\/v2\/comments?post=47"}],"version-history":[{"count":4,"href":"https:\/\/vive-la-vie-montessori.fr\/index.php\/wp-json\/wp\/v2\/pages\/47\/revisions"}],"predecessor-version":[{"id":112,"href":"https:\/\/vive-la-vie-montessori.fr\/index.php\/wp-json\/wp\/v2\/pages\/47\/revisions\/112"}],"wp:attachment":[{"href":"https:\/\/vive-la-vie-montessori.fr\/index.php\/wp-json\/wp\/v2\/media?parent=47"}],"curies":[{"name":"wp","href":"https:\/\/api.w.org\/{rel}","templated":true}]}}