{"id":5,"date":"2021-04-09T17:14:51","date_gmt":"2021-04-09T15:14:51","guid":{"rendered":"http:\/\/vive-la-vie-montessori.fr\/?page_id=5"},"modified":"2025-03-25T14:35:59","modified_gmt":"2025-03-25T13:35:59","slug":"bienvenue-sur-vive-la-vie","status":"publish","type":"page","link":"https:\/\/vive-la-vie-montessori.fr\/","title":{"rendered":"Bienvenue sur vive la vie"},"content":{"rendered":"\n<p>Dans un espace naturel et am\u00e9nag\u00e9 pour l&rsquo;apprentissage et la&nbsp;d\u00e9couverte, nous vous accueillons \u00e0&nbsp;Fabas, dans le Tarn et Garonne (82), pour nos diff\u00e9rents ateliers.<br><br>Nous sommes \u00e0 votre disposition pour tout renseignement suppl\u00e9mentaire&nbsp;au 05-63-02-62-45 ou par e-mail<\/p>\n\n\n\n<p><a href=\"vive.la.vie.82000@gmail.com\">vive.la.vie.82000@gmail.com <\/a><\/p>\n\n\n\n<p><\/p>\n","protected":false},"excerpt":{"rendered":"<p>Dans un espace naturel et am\u00e9nag\u00e9 pour l&rsquo;apprentissage et la&nbsp;d\u00e9couverte, nous vous accueillons \u00e0&nbsp;Fabas, dans le Tarn et Garonne (82), pour nos diff\u00e9rents ateliers. Nous sommes \u00e0 votre disposition pour tout renseignement suppl\u00e9mentaire&nbsp;au 05-63-02-62-45 ou par e-mail vive.la.vie.82000@gmail.com<\/p>\n","protected":false},"author":1,"featured_media":0,"parent":0,"menu_order":0,"comment_status":"closed","ping_status":"closed","template":"","meta":{"footnotes":""},"_links":{"self":[{"href":"https:\/\/vive-la-vie-montessori.fr\/index.php\/wp-json\/wp\/v2\/pages\/5"}],"collection":[{"href":"https:\/\/vive-la-vie-montessori.fr\/index.php\/wp-json\/wp\/v2\/pages"}],"about":[{"href":"https:\/\/vive-la-vie-montessori.fr\/index.php\/wp-json\/wp\/v2\/types\/page"}],"author":[{"embeddable":true,"href":"https:\/\/vive-la-vie-montessori.fr\/index.php\/wp-json\/wp\/v2\/users\/1"}],"replies":[{"embeddable":true,"href":"https:\/\/vive-la-vie-montessori.fr\/index.php\/wp-json\/wp\/v2\/comments?post=5"}],"version-history":[{"count":7,"href":"https:\/\/vive-la-vie-montessori.fr\/index.php\/wp-json\/wp\/v2\/pages\/5\/revisions"}],"predecessor-version":[{"id":151,"href":"https:\/\/vive-la-vie-montessori.fr\/index.php\/wp-json\/wp\/v2\/pages\/5\/revisions\/151"}],"wp:attachment":[{"href":"https:\/\/vive-la-vie-montessori.fr\/index.php\/wp-json\/wp\/v2\/media?parent=5"}],"curies":[{"name":"wp","href":"https:\/\/api.w.org\/{rel}","templated":true}]}}