{"id":53,"date":"2021-04-09T18:29:55","date_gmt":"2021-04-09T16:29:55","guid":{"rendered":"http:\/\/vive-la-vie-montessori.fr\/?page_id=53"},"modified":"2022-11-16T21:02:28","modified_gmt":"2022-11-16T20:02:28","slug":"ou-et-qui","status":"publish","type":"page","link":"https:\/\/vive-la-vie-montessori.fr\/index.php\/ou-et-qui\/","title":{"rendered":"O\u00f9 et qui ?"},"content":{"rendered":"\n<p><strong>A Fabas,<\/strong><\/p>\n\n\n<div class=\"wp-block-image\">\n<figure class=\"aligncenter size-large is-resized\"><img loading=\"lazy\" decoding=\"async\" src=\"http:\/\/vive-la-vie-montessori.fr\/wp-content\/uploads\/2021\/04\/image-6.png\" alt=\"\" class=\"wp-image-54\" width=\"274\" height=\"206\"\/><\/figure><\/div>\n\n\n<p>Nos chalets sont \u00e0 &nbsp;Fabas dans le Tarn et Garonne (82), \u00e0 c\u00f4t\u00e9 de Fronton (31).<br>Nous sommes situ\u00e9s en pleine nature, entour\u00e9s de chemins et de bois.<\/p>\n\n\n\n<p><strong>Jacques et Laurence<\/strong><\/p>\n\n\n<div class=\"wp-block-image\">\n<figure class=\"aligncenter size-large\"><img loading=\"lazy\" decoding=\"async\" width=\"1024\" height=\"474\" src=\"http:\/\/vive-la-vie-montessori.fr\/wp-content\/uploads\/2021\/04\/image-8-1024x474.png\" alt=\"\" class=\"wp-image-57\" srcset=\"https:\/\/vive-la-vie-montessori.fr\/wp-content\/uploads\/2021\/04\/image-8-1024x474.png 1024w, https:\/\/vive-la-vie-montessori.fr\/wp-content\/uploads\/2021\/04\/image-8-300x139.png 300w, https:\/\/vive-la-vie-montessori.fr\/wp-content\/uploads\/2021\/04\/image-8-768x355.png 768w, https:\/\/vive-la-vie-montessori.fr\/wp-content\/uploads\/2021\/04\/image-8-1536x711.png 1536w, https:\/\/vive-la-vie-montessori.fr\/wp-content\/uploads\/2021\/04\/image-8-1200x555.png 1200w, https:\/\/vive-la-vie-montessori.fr\/wp-content\/uploads\/2021\/04\/image-8.png 1980w\" sizes=\"(max-width: 1024px) 100vw, 1024px\" \/><\/figure><\/div>\n\n\n<p><strong>Jacques Tellier<\/strong>, \u00e9ducateur Montessori, dipl\u00f4m\u00e9 universitaire en p\u00e9dagogie.<br><strong>Laurence Tellier<\/strong>, animatrice.<\/p>\n\n\n\n<p>Nous sommes heureux de vous accueillir sur nos diff\u00e9rents ateliers et<br>&nbsp;nous sommes \u00e0 votre disposition pour tout renseignement suppl\u00e9mentaire :<\/p>\n\n\n\n<p>alors n&rsquo;h\u00e9sitez pas \u00e0 nous appeler au 05-63-02-62-45,<\/p>\n\n\n\n<p>par e-mail : vive.la.vie.82000@gmail.com<\/p>\n\n\n\n<p>ou nous \u00e9crire \u00e0 vive la vie, 305 route de Braguillou, 82170 FABAS.<\/p>\n","protected":false},"excerpt":{"rendered":"<p>A Fabas, Nos chalets sont \u00e0 &nbsp;Fabas dans le Tarn et Garonne (82), \u00e0 c\u00f4t\u00e9 de Fronton (31).Nous sommes situ\u00e9s en pleine nature, entour\u00e9s de chemins et de bois. Jacques et Laurence Jacques Tellier, \u00e9ducateur Montessori, dipl\u00f4m\u00e9 universitaire en p\u00e9dagogie.Laurence Tellier, animatrice. Nous sommes heureux de vous accueillir sur nos diff\u00e9rents ateliers et&nbsp;nous sommes \u00e0 [&hellip;]<\/p>\n","protected":false},"author":1,"featured_media":0,"parent":0,"menu_order":0,"comment_status":"closed","ping_status":"closed","template":"","meta":{"footnotes":""},"_links":{"self":[{"href":"https:\/\/vive-la-vie-montessori.fr\/index.php\/wp-json\/wp\/v2\/pages\/53"}],"collection":[{"href":"https:\/\/vive-la-vie-montessori.fr\/index.php\/wp-json\/wp\/v2\/pages"}],"about":[{"href":"https:\/\/vive-la-vie-montessori.fr\/index.php\/wp-json\/wp\/v2\/types\/page"}],"author":[{"embeddable":true,"href":"https:\/\/vive-la-vie-montessori.fr\/index.php\/wp-json\/wp\/v2\/users\/1"}],"replies":[{"embeddable":true,"href":"https:\/\/vive-la-vie-montessori.fr\/index.php\/wp-json\/wp\/v2\/comments?post=53"}],"version-history":[{"count":5,"href":"https:\/\/vive-la-vie-montessori.fr\/index.php\/wp-json\/wp\/v2\/pages\/53\/revisions"}],"predecessor-version":[{"id":116,"href":"https:\/\/vive-la-vie-montessori.fr\/index.php\/wp-json\/wp\/v2\/pages\/53\/revisions\/116"}],"wp:attachment":[{"href":"https:\/\/vive-la-vie-montessori.fr\/index.php\/wp-json\/wp\/v2\/media?parent=53"}],"curies":[{"name":"wp","href":"https:\/\/api.w.org\/{rel}","templated":true}]}}

Où et qui ?

<p><strong>A Fabas,</strong></p>


<div class="wp-block-image">
<figure class="aligncenter size-large is-resized"><img loading="lazy" decoding="async" src="http://vive-la-vie-montessori.fr/wp-content/uploads/2021/04/image-6.png" alt="" class="wp-image-54" width="274" height="206"/></figure></div>


<p>Nos chalets sont à &nbsp;Fabas dans le Tarn et Garonne (82), à côté de Fronton (31).<br>Nous sommes situés en pleine nature, entourés de chemins et de bois.</p>



<p><strong>Jacques et Laurence</strong></p>


<div class="wp-block-image">
<figure class="aligncenter size-large"><img loading="lazy" decoding="async" width="1024" height="474" src="http://vive-la-vie-montessori.fr/wp-content/uploads/2021/04/image-8-1024x474.png" alt="" class="wp-image-57" srcset="https://vive-la-vie-montessori.fr/wp-content/uploads/2021/04/image-8-1024x474.png 1024w, https://vive-la-vie-montessori.fr/wp-content/uploads/2021/04/image-8-300x139.png 300w, https://vive-la-vie-montessori.fr/wp-content/uploads/2021/04/image-8-768x355.png 768w, https://vive-la-vie-montessori.fr/wp-content/uploads/2021/04/image-8-1536x711.png 1536w, https://vive-la-vie-montessori.fr/wp-content/uploads/2021/04/image-8-1200x555.png 1200w, https://vive-la-vie-montessori.fr/wp-content/uploads/2021/04/image-8.png 1980w" sizes="(max-width: 1024px) 100vw, 1024px" /></figure></div>


<p><strong>Jacques Tellier</strong>, éducateur Montessori, diplômé universitaire en pédagogie.<br><strong>Laurence Tellier</strong>, animatrice.</p>



<p>Nous sommes heureux de vous accueillir sur nos différents ateliers et<br>&nbsp;nous sommes à votre disposition pour tout renseignement supplémentaire :</p>



<p>alors n&rsquo;hésitez pas à nous appeler au 05-63-02-62-45,</p>



<p>par e-mail : vive.la.vie.82000@gmail.com</p>



<p>ou nous écrire à vive la vie, 305 route de Braguillou, 82170 FABAS.</p>

<p>A Fabas, Nos chalets sont à &nbsp;Fabas dans le Tarn et Garonne (82), à côté de Fronton (31).Nous sommes situés en pleine nature, entourés de chemins et de bois. Jacques et Laurence Jacques Tellier, éducateur Montessori, diplômé universitaire en pédagogie.Laurence Tellier, animatrice. Nous sommes heureux de vous accueillir sur nos différents ateliers et&nbsp;nous sommes à [&hellip;]</p>
